{"id":1203,"date":"2022-08-11T15:28:04","date_gmt":"2022-08-11T20:28:04","guid":{"rendered":"https:\/\/www.selcoingenieria.com.co\/?page_id=1203"},"modified":"2025-07-30T09:52:12","modified_gmt":"2025-07-30T14:52:12","slug":"politica-de-privacidad","status":"publish","type":"page","link":"https:\/\/www.selcoingenieria.com.co\/index.php\/politica-de-privacidad\/","title":{"rendered":"Pol\u00edtica de privacidad"},"content":{"rendered":"\t\t<div data-elementor-type=\"wp-page\" data-elementor-id=\"1203\" class=\"elementor elementor-1203\">\n\t\t\t\t\t\t<section class=\"elementor-section elementor-top-section elementor-element elementor-element-103f8173 elementor-section-boxed elementor-section-height-default elementor-section-height-default\" data-id=\"103f8173\" data-element_type=\"section\">\n\t\t\t\t\t\t<div class=\"elementor-container elementor-column-gap-default\">\n\t\t\t\t\t<div class=\"elementor-column elementor-col-100 elementor-top-column elementor-element elementor-element-1180bf6a\" data-id=\"1180bf6a\" data-element_type=\"column\">\n\t\t\t<div class=\"elementor-widget-wrap elementor-element-populated\">\n\t\t\t\t\t\t<div class=\"elementor-element elementor-element-2ae44e95 elementor-widget elementor-widget-text-editor\" data-id=\"2ae44e95\" data-element_type=\"widget\" data-widget_type=\"text-editor.default\">\n\t\t\t\t<div class=\"elementor-widget-container\">\n\t\t\t<style>\/*! elementor - v3.20.0 - 26-03-2024 *\/\n.elementor-widget-text-editor.elementor-drop-cap-view-stacked .elementor-drop-cap{background-color:#69727d;color:#fff}.elementor-widget-text-editor.elementor-drop-cap-view-framed .elementor-drop-cap{color:#69727d;border:3px solid;background-color:transparent}.elementor-widget-text-editor:not(.elementor-drop-cap-view-default) .elementor-drop-cap{margin-top:8px}.elementor-widget-text-editor:not(.elementor-drop-cap-view-default) .elementor-drop-cap-letter{width:1em;height:1em}.elementor-widget-text-editor .elementor-drop-cap{float:left;text-align:center;line-height:1;font-size:50px}.elementor-widget-text-editor .elementor-drop-cap-letter{display:inline-block}<\/style>\t\t\t\t<p data-start=\"367\" data-end=\"400\">\u00daltima<strong data-start=\"367\" data-end=\"400\"> actualizaci\u00f3n: 10\/07\/2025<\/strong><\/p>\n<p data-start=\"306\" data-end=\"615\">En Selco Ingenier\u00eda S.A.S., nos comprometemos a proteger tu privacidad y garantizar que tu informaci\u00f3n personal sea tratada de forma confidencial, segura y conforme a la legislaci\u00f3n vigente, en especial la Ley 1581 de 2012 y dem\u00e1s normas relacionadas con la protecci\u00f3n de datos personales en Colombia.<\/p>\n<p data-start=\"617\" data-end=\"828\">Esta Pol\u00edtica de Privacidad describe los datos que recopilamos, c\u00f3mo los usamos y los derechos que tienes como usuario del sitio web: <a href=\"https:\/\/www.selcoingenieria.com.co\" target=\"_new\" rel=\"noopener\" data-start=\"687\" data-end=\"759\">https:\/\/www.selcoingenieria.com.co<\/a>.<\/p>\n<h2>Qui\u00e9nes somos<\/h2>\n<p><!-- \/wp:heading --><!-- wp:paragraph --><\/p>\n<p>Somos Selco Ingenier\u00eda S.A.S., una empresa colombiana especializada en soluciones el\u00e9ctricas, locativas, refrigeraci\u00f3n, metalmec\u00e1nicas y cableado estructurado. Nuestro sitio web es: <a href=\"https:\/\/www.selcoingenieria.com.co\" target=\"_new\" rel=\"noopener\" data-start=\"951\" data-end=\"1023\">https:\/\/www.selcoingenieria.com.co<\/a>.<\/p>\n<h2>Tratamiento datos personales<\/h2>\n<h4 data-start=\"1130\" data-end=\"1158\">\u00bfQu\u00e9 datos recopilamos?<\/h4>\n<p data-start=\"1160\" data-end=\"1220\">Cuando interact\u00faas con nuestro sitio web, podemos recopilar:<\/p>\n<ul data-start=\"1222\" data-end=\"1452\">\n<li data-start=\"1222\" data-end=\"1241\">\n<p data-start=\"1224\" data-end=\"1241\">Nombre completo<\/p>\n<\/li>\n<li data-start=\"1242\" data-end=\"1264\">\n<p data-start=\"1244\" data-end=\"1264\">Correo electr\u00f3nico<\/p>\n<\/li>\n<li data-start=\"1265\" data-end=\"1287\">\n<p data-start=\"1267\" data-end=\"1287\">N\u00famero de tel\u00e9fono<\/p>\n<\/li>\n<li data-start=\"1288\" data-end=\"1311\">\n<p data-start=\"1290\" data-end=\"1311\">Empresa (si aplica)<\/p>\n<\/li>\n<li data-start=\"1312\" data-end=\"1371\">\n<p data-start=\"1314\" data-end=\"1371\">Mensajes o requerimientos enviados mediante formularios<\/p>\n<\/li>\n<li data-start=\"1372\" data-end=\"1410\">\n<p data-start=\"1374\" data-end=\"1410\">Direcci\u00f3n IP y datos del navegador<\/p>\n<\/li>\n<li data-start=\"1411\" data-end=\"1452\">\n<p data-start=\"1413\" data-end=\"1452\">Informaci\u00f3n derivada del uso de cookies<\/p>\n<\/li>\n<\/ul>\n<h4 data-start=\"1454\" data-end=\"1481\">\u00bfC\u00f3mo los recopilamos?<\/h4>\n<ul data-start=\"1483\" data-end=\"1694\">\n<li data-start=\"1483\" data-end=\"1538\">\n<p data-start=\"1485\" data-end=\"1538\">Al diligenciar formularios de contacto o cotizaci\u00f3n<\/p>\n<\/li>\n<li data-start=\"1539\" data-end=\"1577\">\n<p data-start=\"1541\" data-end=\"1577\">Al interactuar con nuestro chatbot<\/p>\n<\/li>\n<li data-start=\"1578\" data-end=\"1620\">\n<p data-start=\"1580\" data-end=\"1620\">Mediante cookies durante la navegaci\u00f3n<\/p>\n<\/li>\n<li data-start=\"1621\" data-end=\"1694\">\n<p data-start=\"1623\" data-end=\"1694\">A trav\u00e9s de integraciones con terceros como Bitrix24 y Google reCAPTCHA<\/p>\n<\/li>\n<\/ul>\n<h4 data-start=\"1696\" data-end=\"1728\">\u00bfPara qu\u00e9 usamos tus datos?<\/h4>\n<p data-start=\"1730\" data-end=\"1776\">Utilizamos tus datos con los siguientes fines:<\/p>\n<ul data-start=\"1778\" data-end=\"2060\">\n<li data-start=\"1778\" data-end=\"1837\">\n<p data-start=\"1780\" data-end=\"1837\">Contactarte para responder solicitudes o requerimientos<\/p>\n<\/li>\n<li data-start=\"1838\" data-end=\"1892\">\n<p data-start=\"1840\" data-end=\"1892\">Registrar la informaci\u00f3n en nuestro CRM (Bitrix24)<\/p>\n<\/li>\n<li data-start=\"1893\" data-end=\"1957\">\n<p data-start=\"1895\" data-end=\"1957\">Enviar informaci\u00f3n comercial o t\u00e9cnica (con tu autorizaci\u00f3n)<\/p>\n<\/li>\n<li data-start=\"1958\" data-end=\"2013\">\n<p data-start=\"1960\" data-end=\"2013\">Mejorar la experiencia del usuario en nuestro sitio<\/p>\n<\/li>\n<li data-start=\"2014\" data-end=\"2060\">\n<p data-start=\"2016\" data-end=\"2060\">Cumplir obligaciones contractuales o legales<\/p>\n<\/li>\n<\/ul>\n<h4 data-start=\"2062\" data-end=\"2100\">\u00bfCon qui\u00e9n compartimos tus datos?<\/h4>\n<p data-start=\"2102\" data-end=\"2183\">Solo compartimos tu informaci\u00f3n con herramientas necesarias para operar el sitio:<\/p>\n<ul data-start=\"2185\" data-end=\"2358\">\n<li data-start=\"2185\" data-end=\"2241\">\n<p data-start=\"2187\" data-end=\"2241\"><strong data-start=\"2187\" data-end=\"2199\">Bitrix24<\/strong>: Para gestionar relaciones con clientes<\/p>\n<\/li>\n<li data-start=\"2242\" data-end=\"2302\">\n<p data-start=\"2244\" data-end=\"2302\"><strong data-start=\"2244\" data-end=\"2271\">WordPress y sus plugins<\/strong> (formularios, chatbot, etc.)<\/p>\n<\/li>\n<li data-start=\"2303\" data-end=\"2358\">\n<p data-start=\"2305\" data-end=\"2358\"><strong data-start=\"2305\" data-end=\"2315\">Google<\/strong>: Para servicios como Analytics y reCAPTCHA<\/p>\n<\/li>\n<\/ul>\n<p data-start=\"2360\" data-end=\"2431\">No vendemos ni transferimos tus datos a terceros con fines comerciales.<\/p>\n<h2>Comentarios<\/h2>\n<p><!-- \/wp:heading --><!-- wp:paragraph --><\/p>\n<p data-start=\"1051\" data-end=\"1280\">Cuando los visitantes dejan comentarios en nuestro sitio, recopilamos los datos visibles en el formulario, as\u00ed como la direcci\u00f3n IP y el agente de usuario del navegador. Esto nos ayuda a prevenir el spam y proteger nuestro sitio.<\/p>\n<p data-start=\"1282\" data-end=\"1518\">Adem\u00e1s, se puede enviar una cadena anonimizada de tu correo electr\u00f3nico al servicio\u00a0<span style=\"font-size: 1rem;\">Gravatar\u00a0<\/span><span style=\"font-style: inherit; font-weight: inherit;\">para verificar si lo est\u00e1s utilizando. Puedes consultar su pol\u00edtica en: <\/span><a style=\"font-style: inherit; font-weight: inherit; background-color: #ffffff;\" href=\"https:\/\/automattic.com\/privacy\/\" target=\"_new\" rel=\"noopener\" data-start=\"1451\" data-end=\"1517\">https:\/\/automattic.com\/privacy\/<\/a><span style=\"font-style: inherit; font-weight: inherit;\">.<\/span><\/p>\n<p><!-- \/wp:paragraph --><!-- wp:heading --><\/p>\n<h2>Medios<\/h2>\n<p><!-- \/wp:heading --><!-- wp:paragraph --><\/p>\n<p>Si subes im\u00e1genes al sitio, te recomendamos eliminar los datos de ubicaci\u00f3n (EXIF GPS), ya que otros visitantes pueden descargar y acceder a esta informaci\u00f3n.<\/p>\n<p><!-- \/wp:paragraph --><!-- wp:heading --><\/p>\n<h2>Cookies<\/h2>\n<p><!-- \/wp:heading --><!-- wp:paragraph --><\/p>\n<p data-start=\"387\" data-end=\"541\">Nuestro sitio web utiliza <strong data-start=\"413\" data-end=\"424\">cookies<\/strong> para mejorar la experiencia del usuario, personalizar el contenido, analizar el tr\u00e1fico y recordar tus preferencias.<\/p>\n<h4 data-start=\"543\" data-end=\"569\">\u00bfQu\u00e9 son las cookies?<\/h4>\n<p data-start=\"571\" data-end=\"828\">Las cookies son peque\u00f1os archivos que se almacenan en tu dispositivo al visitar un sitio web. Permiten al sitio recordar tu actividad y preferencias (como idioma, inicio de sesi\u00f3n o visualizaci\u00f3n), para que no tengas que configurarlas cada vez que regreses.<\/p>\n<h4 data-start=\"830\" data-end=\"863\">\u00bfQu\u00e9 tipo de cookies usamos?<\/h4>\n<ul data-start=\"865\" data-end=\"1418\">\n<li data-start=\"865\" data-end=\"1026\">\n<p data-start=\"867\" data-end=\"1026\"><strong data-start=\"867\" data-end=\"890\">Cookies necesarias:<\/strong> Son esenciales para el funcionamiento del sitio, como mantener la sesi\u00f3n iniciada o permitir el uso del carrito de compras (si aplica).<\/p>\n<\/li>\n<li data-start=\"1027\" data-end=\"1126\">\n<p data-start=\"1029\" data-end=\"1126\"><strong data-start=\"1029\" data-end=\"1057\">Cookies de preferencias:<\/strong> Guardan tus ajustes y elecciones en el sitio (idioma, regi\u00f3n, etc.).<\/p>\n<\/li>\n<li data-start=\"1127\" data-end=\"1266\">\n<p data-start=\"1129\" data-end=\"1266\"><strong data-start=\"1129\" data-end=\"1152\">Cookies anal\u00edticas:<\/strong> Nos ayudan a entender c\u00f3mo los visitantes interact\u00faan con nuestro sitio (por ejemplo, mediante Google Analytics).<\/p>\n<\/li>\n<li data-start=\"1267\" data-end=\"1418\">\n<p data-start=\"1269\" data-end=\"1418\"><strong data-start=\"1269\" data-end=\"1293\">Cookies de terceros:<\/strong> Algunos plugins o contenidos incrustados (como videos de YouTube o formularios de contacto) pueden utilizar cookies propias.<\/p>\n<\/li>\n<\/ul>\n<h4 data-start=\"1420\" data-end=\"1453\">\u00bfCu\u00e1nto tiempo se almacenan?<\/h4>\n<ul data-start=\"1455\" data-end=\"1641\">\n<li data-start=\"1455\" data-end=\"1527\">\n<p data-start=\"1457\" data-end=\"1527\">Cookies de sesi\u00f3n: se eliminan autom\u00e1ticamente al cerrar el navegador.<\/p>\n<\/li>\n<li data-start=\"1528\" data-end=\"1641\">\n<p data-start=\"1530\" data-end=\"1641\">Cookies persistentes: permanecen en tu dispositivo por un tiempo definido o hasta que las elimines manualmente.<\/p>\n<\/li>\n<\/ul>\n<h4 data-start=\"1643\" data-end=\"1670\">\u00bfPuedes desactivarlas?<\/h4>\n<p data-start=\"1672\" data-end=\"1905\">S\u00ed. Puedes gestionar o eliminar cookies desde la configuraci\u00f3n de tu navegador. Sin embargo, ten en cuenta que al desactivar algunas cookies, ciertas funciones del sitio pueden dejar de estar disponibles o no funcionar correctamente.<\/p>\n<p><!-- \/wp:paragraph --><!-- wp:heading --><\/p>\n<h2>Contenido incrustado de otros sitios web<\/h2>\n<p><!-- \/wp:heading --><!-- wp:paragraph --><\/p>\n<p>Algunos art\u00edculos o secciones de nuestro sitio pueden incluir contenido incrustado (por ejemplo, videos de YouTube o publicaciones de redes sociales). Este contenido se comporta como si visitaras directamente el sitio original, que puede recopilar datos adicionales, usar cookies o implementar seguimiento externo.<\/p>\n<p><!-- \/wp:paragraph --><!-- wp:heading --><\/p>\n<h3 data-start=\"4044\" data-end=\"4073\">Conservaci\u00f3n de tus datos<\/h3>\n<ul data-start=\"4075\" data-end=\"4281\">\n<li data-start=\"4075\" data-end=\"4159\">\n<p data-start=\"4077\" data-end=\"4159\">Los comentarios se almacenan indefinidamente, salvo que solicites su eliminaci\u00f3n<\/p>\n<\/li>\n<li data-start=\"4075\" data-end=\"4159\">\n<p data-start=\"4077\" data-end=\"4159\">Si se habilita el registro de usuarios, la informaci\u00f3n se conservar\u00e1 mientras mantengas tu cuenta activa o seg\u00fan la ley<\/p>\n<\/li>\n<\/ul>\n<p><!-- \/wp:heading --><!-- wp:paragraph --><\/p>\n<h2>Tus derechos<\/h2>\n<p><!-- \/wp:heading --><!-- wp:paragraph --><\/p>\n<p data-start=\"3241\" data-end=\"3258\">Tienes derecho a:<\/p>\n<ul data-start=\"3259\" data-end=\"3450\">\n<li data-start=\"3259\" data-end=\"3301\">\n<p data-start=\"3261\" data-end=\"3301\">Solicitar acceso a tus datos personales.<\/p>\n<\/li>\n<li data-start=\"3302\" data-end=\"3341\">\n<p data-start=\"3304\" data-end=\"3341\">Corregir o actualizar tu informaci\u00f3n.<\/p>\n<\/li>\n<li data-start=\"3342\" data-end=\"3447\">\n<p data-start=\"3344\" data-end=\"3447\">Solicitar la eliminaci\u00f3n de tus datos (excepto cuando tengamos obligaciones legales para conservarlos).<\/p>\n<\/li>\n<\/ul>\n<p data-start=\"3451\" data-end=\"3525\">Puedes ejercer estos derechos escribi\u00e9ndonos a nuestro correo de contacto.<\/p>\n<p><!-- \/wp:paragraph --><!-- wp:heading --><\/p>\n<h3 data-start=\"4635\" data-end=\"4659\">Destino de tus datos<\/h3>\n<p data-start=\"4661\" data-end=\"4834\">Tus datos pueden ser procesados por herramientas tecnol\u00f3gicas cuyos servidores est\u00e9n ubicados fuera de Colombia, siempre cumpliendo est\u00e1ndares internacionales de privacidad.<\/p>\n<p data-start=\"4836\" data-end=\"4918\">Los comentarios pueden ser revisados por servicios autom\u00e1ticos para detectar spam.<\/p>\n<h2 data-start=\"3869\" data-end=\"3900\">Cambios a esta Pol\u00edtica<\/h2>\n<p data-start=\"3902\" data-end=\"4064\">Nos reservamos el derecho de actualizar esta Pol\u00edtica de Privacidad. Si hacemos cambios importantes, te lo notificaremos en el sitio web o por correo electr\u00f3nico.<\/p>\n<h2 data-start=\"3818\" data-end=\"3833\">Contacto<\/h2>\n<p data-start=\"3835\" data-end=\"3952\">Si tienes preguntas sobre esta Pol\u00edtica de Privacidad, puedes escribirnos a: juridico@selcoingenieria.com.co<\/p>\n<p><!-- \/wp:paragraph --><\/p>\t\t\t\t\t\t<\/div>\n\t\t\t\t<\/div>\n\t\t\t\t\t<\/div>\n\t\t<\/div>\n\t\t\t\t\t<\/div>\n\t\t<\/section>\n\t\t\t\t<section class=\"elementor-section elementor-top-section elementor-element elementor-element-5b9db81 elementor-section-stretched elementor-section-boxed elementor-section-height-default elementor-section-height-default\" data-id=\"5b9db81\" data-element_type=\"section\" data-settings=\"{&quot;background_background&quot;:&quot;classic&quot;,&quot;stretch_section&quot;:&quot;section-stretched&quot;}\">\n\t\t\t\t\t\t<div class=\"elementor-container elementor-column-gap-default\">\n\t\t\t\t\t<div class=\"elementor-column elementor-col-33 elementor-top-column elementor-element elementor-element-d6c9a07\" data-id=\"d6c9a07\" data-element_type=\"column\">\n\t\t\t<div class=\"elementor-widget-wrap elementor-element-populated\">\n\t\t\t\t\t\t<div class=\"elementor-element elementor-element-095b0d0 elementor-position-left elementor-vertical-align-middle elementor-widget__width-initial elementor-view-default elementor-mobile-position-top elementor-widget elementor-widget-icon-box\" data-id=\"095b0d0\" data-element_type=\"widget\" data-widget_type=\"icon-box.default\">\n\t\t\t\t<div class=\"elementor-widget-container\">\n\t\t\t<link rel=\"stylesheet\" href=\"https:\/\/www.selcoingenieria.com.co\/wp-content\/plugins\/elementor\/assets\/css\/widget-icon-box.min.css\">\t\t<div class=\"elementor-icon-box-wrapper\">\n\t\t\t\t\t\t<div class=\"elementor-icon-box-icon\">\n\t\t\t\t<span  class=\"elementor-icon elementor-animation-pulse-grow\">\n\t\t\t\t<i aria-hidden=\"true\" class=\"fas fa-location-arrow\"><\/i>\t\t\t\t<\/span>\n\t\t\t<\/div>\n\t\t\t\t\t\t<div class=\"elementor-icon-box-content\">\n\t\t\t\t<h6 class=\"elementor-icon-box-title\">\n\t\t\t\t\t<span  >\n\t\t\t\t\t\tDirecci\u00f3n\t\t\t\t\t<\/span>\n\t\t\t\t<\/h6>\n\t\t\t\t\t\t\t\t\t<p class=\"elementor-icon-box-description\">\n\t\t\t\t\t\tCalle 2 N\u00b0 22 E- 12\nBarrio Capusigra\nPasto \u2013 Nari\u00f1o\nColombia.\n520001\t\t\t\t\t<\/p>\n\t\t\t\t\t\t\t<\/div>\n\t\t<\/div>\n\t\t\t\t<\/div>\n\t\t\t\t<\/div>\n\t\t\t\t\t<\/div>\n\t\t<\/div>\n\t\t\t\t<div class=\"elementor-column elementor-col-33 elementor-top-column elementor-element elementor-element-66fa417\" data-id=\"66fa417\" data-element_type=\"column\">\n\t\t\t<div class=\"elementor-widget-wrap elementor-element-populated\">\n\t\t\t\t\t\t<div class=\"elementor-element elementor-element-c7564f5 elementor-position-left elementor-vertical-align-middle elementor-view-default elementor-mobile-position-top elementor-widget elementor-widget-icon-box\" data-id=\"c7564f5\" data-element_type=\"widget\" data-widget_type=\"icon-box.default\">\n\t\t\t\t<div class=\"elementor-widget-container\">\n\t\t\t\t\t<div class=\"elementor-icon-box-wrapper\">\n\t\t\t\t\t\t<div class=\"elementor-icon-box-icon\">\n\t\t\t\t<span  class=\"elementor-icon elementor-animation-pulse-grow\">\n\t\t\t\t<i aria-hidden=\"true\" class=\"fas fa-mail-bulk\"><\/i>\t\t\t\t<\/span>\n\t\t\t<\/div>\n\t\t\t\t\t\t<div class=\"elementor-icon-box-content\">\n\t\t\t\t<h6 class=\"elementor-icon-box-title\">\n\t\t\t\t\t<span  >\n\t\t\t\t\t\tEmail:\t\t\t\t\t<\/span>\n\t\t\t\t<\/h6>\n\t\t\t\t\t\t\t\t\t<p class=\"elementor-icon-box-description\">\n\t\t\t\t\t\tsoluciones@selcoingenieria.com.co\t\t\t\t\t<\/p>\n\t\t\t\t\t\t\t<\/div>\n\t\t<\/div>\n\t\t\t\t<\/div>\n\t\t\t\t<\/div>\n\t\t\t\t\t<\/div>\n\t\t<\/div>\n\t\t\t\t<div class=\"elementor-column elementor-col-33 elementor-top-column elementor-element elementor-element-3eb0913\" data-id=\"3eb0913\" data-element_type=\"column\">\n\t\t\t<div class=\"elementor-widget-wrap elementor-element-populated\">\n\t\t\t\t\t\t<div class=\"elementor-element elementor-element-4aac6f6 elementor-position-left elementor-vertical-align-middle elementor-widget__width-initial elementor-view-default elementor-mobile-position-top elementor-widget elementor-widget-icon-box\" data-id=\"4aac6f6\" data-element_type=\"widget\" data-widget_type=\"icon-box.default\">\n\t\t\t\t<div class=\"elementor-widget-container\">\n\t\t\t\t\t<div class=\"elementor-icon-box-wrapper\">\n\t\t\t\t\t\t<div class=\"elementor-icon-box-icon\">\n\t\t\t\t<span  class=\"elementor-icon elementor-animation-pulse-grow\">\n\t\t\t\t<i aria-hidden=\"true\" class=\"fas fa-clock\"><\/i>\t\t\t\t<\/span>\n\t\t\t<\/div>\n\t\t\t\t\t\t<div class=\"elementor-icon-box-content\">\n\t\t\t\t<h6 class=\"elementor-icon-box-title\">\n\t\t\t\t\t<span  >\n\t\t\t\t\t\tHorario de atenci\u00f3n:\t\t\t\t\t<\/span>\n\t\t\t\t<\/h6>\n\t\t\t\t\t\t\t\t\t<p class=\"elementor-icon-box-description\">\n\t\t\t\t\t\tLun-Vie: 8am - 6pm<br>Sab: 8am - 12m\t\t\t\t\t<\/p>\n\t\t\t\t\t\t\t<\/div>\n\t\t<\/div>\n\t\t\t\t<\/div>\n\t\t\t\t<\/div>\n\t\t\t\t\t<\/div>\n\t\t<\/div>\n\t\t\t\t\t<\/div>\n\t\t<\/section>\n\t\t\t\t<\/div>\n\t\t","protected":false},"excerpt":{"rendered":"<p>\u00daltima actualizaci\u00f3n: 10\/07\/2025 En Selco Ingenier\u00eda S.A.S., nos comprometemos a proteger tu privacidad y garantizar que tu informaci\u00f3n personal sea tratada de forma confidencial, segura y conforme a la legislaci\u00f3n vigente, en especial la Ley 1581 de 2012 y dem\u00e1s normas relacionadas con la protecci\u00f3n de datos personales en Colombia. Esta Pol\u00edtica de Privacidad describe &hellip;<\/p>\n<p class=\"read-more\"> <a class=\"\" href=\"https:\/\/www.selcoingenieria.com.co\/index.php\/politica-de-privacidad\/\"> <span class=\"screen-reader-text\">Pol\u00edtica de privacidad<\/span> Leer m\u00e1s &raquo;<\/a><\/p>\n","protected":false},"author":1,"featured_media":0,"parent":0,"menu_order":0,"comment_status":"closed","ping_status":"closed","template":"","meta":{"om_disable_all_campaigns":false,"_monsterinsights_skip_tracking":false,"_monsterinsights_sitenote_active":false,"_monsterinsights_sitenote_note":"","_monsterinsights_sitenote_category":0,"site-sidebar-layout":"default","site-content-layout":"default","ast-global-header-display":"","ast-main-header-display":"","ast-hfb-above-header-display":"","ast-hfb-below-header-display":"","ast-hfb-mobile-header-display":"","site-post-title":"","ast-breadcrumbs-content":"","ast-featured-img":"","footer-sml-layout":"","theme-transparent-header-meta":"","adv-header-id-meta":"","stick-header-meta":"","header-above-stick-meta":"","header-main-stick-meta":"","header-below-stick-meta":"","footnotes":""},"class_list":["post-1203","page","type-page","status-publish","hentry"],"aioseo_notices":[],"_links":{"self":[{"href":"https:\/\/www.selcoingenieria.com.co\/index.php\/wp-json\/wp\/v2\/pages\/1203","targetHints":{"allow":["GET"]}}],"collection":[{"href":"https:\/\/www.selcoingenieria.com.co\/index.php\/wp-json\/wp\/v2\/pages"}],"about":[{"href":"https:\/\/www.selcoingenieria.com.co\/index.php\/wp-json\/wp\/v2\/types\/page"}],"author":[{"embeddable":true,"href":"https:\/\/www.selcoingenieria.com.co\/index.php\/wp-json\/wp\/v2\/users\/1"}],"replies":[{"embeddable":true,"href":"https:\/\/www.selcoingenieria.com.co\/index.php\/wp-json\/wp\/v2\/comments?post=1203"}],"version-history":[{"count":32,"href":"https:\/\/www.selcoingenieria.com.co\/index.php\/wp-json\/wp\/v2\/pages\/1203\/revisions"}],"predecessor-version":[{"id":2564,"href":"https:\/\/www.selcoingenieria.com.co\/index.php\/wp-json\/wp\/v2\/pages\/1203\/revisions\/2564"}],"wp:attachment":[{"href":"https:\/\/www.selcoingenieria.com.co\/index.php\/wp-json\/wp\/v2\/media?parent=1203"}],"curies":[{"name":"wp","href":"https:\/\/api.w.org\/{rel}","templated":true}]}}